ose 77*s - 138652 = -14451. What are the prime factors of s?
1613
Suppose -18*r + 3*r = -15000. What are the prime factors of r?
2, 5
Suppose 7*l - 3*l = 60. Let b(a) = 2*a + 6*a + a**2 + l + 0*a. List the prime factors of b(-10).
5, 7
Suppose 0 = 21*d - 13*d - 14272. What are the prime factors of d?
2, 223
Suppose -12*x - 716 = -9260. List the prime factors of x.
2, 89
Let p be 5 - 4*25/20. Let u(z) = -10*z + 12. List the prime factors of u(p).
2, 3
Suppose y - 17 = -5*a, -6*y - 4*a = -2*y - 36. Suppose 2842 = 7*q + y*q. List the prime factors of q.
7, 29
Let k = -165 + 96. Let f = k - -118. What are the prime factors of f?
7
Suppose -2*l - n + 24 = -14, -64 = -4*l + 4*n. Suppose 4 = 19*f - l*f. What are the prime factors of 7/14 - (-62)/f?
2
Suppose -2717 = 35*m - 22*m. Let h = m - -488. What are the prime factors of h?
3, 31
Let t(u) be the second derivative of -u**6/144 + u**5/30 - u**4/3 - u. Let n(r) be the third derivative of t(r). What are the prime factors of n(-4)?
2, 3
Suppose 4162 = -12*g + 11626. What are the prime factors of g?
2, 311
Let j(m) = m + 4 + 1 + 0*m - 2. Let h be j(-1). Suppose 5*o + 380 = 5*y, y + 2*y - h*o = 231. What are the prime factors of y?
79
Suppose -5*q + 3*q + 2*w = 0, -5*w + 4 = -3*q. Let o = 11 - q. Let h = 11 + o. What are the prime factors of h?
2, 5
Suppose -3*i + 44 - 12 = k, 4*k - 8 = -2*i. Suppose i*l + 348 = 16*l. List the prime factors of l.
3, 29
Let i = 34 + -39. What are the prime factors of i/((-36)/34 + 1)?
5, 17
Suppose -2488 = -3*j + p, 0*j = -4*j - 4*p + 3344. List the prime factors of j.
3, 277
Let f(o) = -2*o**3 + 2*o**2 + o + 2. Let x be f(2). Let g(v) = -3*v + 21. Let b(k) = 2*k - 21. Let p(m) = x*b(m) - 3*g(m). What are the prime factors of p(-11)?
2, 5
Let p = -8 - -3. Let w(t) be the third derivative of t**5/60 + t**4/12 - t**3/6 + 2*t**2. List the prime factors of w(p).
2, 7
Suppose -373 = -3*n - u, u + 5 = 6*u. List the prime factors of n.
2, 31
Let z(v) = -v**2 + v + 267. Let c be z(0). Suppose 5*f - 2*i = c, f - 18 - 53 = -4*i. What are the prime factors of f?
5, 11
Let x(f) be the first derivative of f**5/20 - f**4/24 + 5*f**2 - 4. Let l(s) be the second derivative of x(s). What are the prime factors of l(-2)?
2, 7
Suppose z + z - 180 = 0. List the prime factors of (z/(-4))/((-1)/2).
3, 5
Let j(o) = 4*o - 8. Let l be j(4). Let a(m) = -m**3 + 8*m**2 + 9*m - 7. What are the prime factors of a(l)?
5, 13
Let y = -13 - -22. Let a(d) = 12*d - d - 13 - 4*d**2 + 3*d**2. List the prime factors of a(y).
5
Let f = -5215 - -7545. What are the prime factors of f?
2, 5, 233
Let j(s) = s**2 + 10*s + 2. Let m(w) = -w**3 + 2*w**2 - w + 2. Let b be m(3). Let q be j(b). List the prime factors of q + (1 + 3)/2.
2
Let j(r) = r**3 + 6*r**2 - 16*r - 6. Let q be j(-8). Let s = 24 + q. What are the prime factors of s?
2, 3
Let r(l) be the first derivative of l**4/2 - 3*l**3 - 5*l**2/2 + 21*l + 26. List the prime factors of r(7).
3, 7, 11
Let l = -13 + 1. Let o = -7 - l. What are the prime factors of (-27)/(-45) + 12/o?
3
Let a = 24 + 66. Suppose 7*g - 2*g + a = 0. Let z = g + 57. List the prime factors of z.
3, 13
Suppose -3*p + 53*x = 50*x - 2964, 2*x - 3934 = -4*p. List the prime factors of p.
5, 197
Suppose -54 = 4*v + 18. What are the prime factors of (-2 + (-176)/12)/(3/v)?
2, 5
Let a(f) = -243*f + 80. What are the prime factors of a(-5)?
5, 7, 37
Suppose -y + 14 = -0*y. Let s(d) = -d**3 + 15*d**2 - 5*d + 10. What are the prime factors of s(y)?
2, 17
Let y be 3/1 - 3*5. Let i = y + 16. Suppose 3*r - 5*r - 2*j + 10 = 0, i*j - 27 = -5*r. List the prime factors of r.
7
Suppose 0 = -7*s + 8*s - 5. Let w(x) = -x**3 + 6*x**2 - 2*x + 7. List the prime factors of w(s).
2, 11
Suppose -3*d + j - 11 = 0, -5*j = -3*d - 2*j - 9. List the prime factors of (0 + d)/((-1)/((-58)/(-4))).
2, 29
Suppose 4*y - 4*g = 1208, -y + 138 = 5*g - 182. Suppose y = z + 4*z. What are the prime factors of z?
61
Let t(p) = -17*p + 27. Suppose -5*r - 3*j = 37, 0 = 4*r + 2*j - 3*j + 16. List the prime factors of t(r).
2, 7
Let z = -91 + 91. Let a = 3 - -10. Suppose -r + a + 12 = z. What are the prime factors of r?
5
Let g(i) = -2*i + 1. Let v be g(-1). Suppose -b - v*r = -4, -3*b - r + 8 = -b. Let t = b - -13. List the prime factors of t.
17
Suppose -7*t - 28 = -4*w - 3*t, -w = t + 3. List the prime factors of (0/3)/w + (1 - -3).
2
Suppose -8*d + 935 = -3*d. Let s = d - 103. List the prime factors of s.
2, 3, 7
Let w(p) = -p**3 + 3*p**2 + 5*p + 3. Let h be w(-2). Let t = 14 - h. List the prime factors of (-1)/(4/(-144))*t.
2, 3
Let v = -413 + 284. Let w = -82 - v. List the prime factors of w.
47
Let l = -92 + -217. Let m = l - -447. List the prime factors of m.
2, 3, 23
Let p = 1438 + 139. List the prime factors of p.
19, 83
Suppose 0*n = -3*n + 15. Suppose 0 = n*l + 3*d + 2*d - 15, -5*l = 4*d - 20. List the prime factors of l.
2
Let r(m) = -m**3 + 4*m**2 + 4*m + 4. Let g(u) = u**3 - u**2 - u + 4. Let y be g(0). Let c be r(y). Suppose c = 2*z - 6. List the prime factors of z.
13
Suppose -4*b - 2*h + h + 1 = 0, b - 3 = -3*h. Suppose b*x - o - 12 = x, o = 3*x + 40. Let m = 25 + x. What are the prime factors of m?
2, 3
Let u = 30 - 17. Suppose -2*o = o + 3, 3*o = -4*b + u. Suppose 21 = b*m - 47. List the prime factors of m.
17
Suppose -5*v - y - y - 100 = 0, -5*v + 5*y - 100 = 0. Let p = v - -63. What are the prime factors of p?
43
Let b be (-3)/(-6) - 354/4. Let i = 168 + b. List the prime factors of i.
2, 5
Suppose 848 = 3*z - 3*y + 7*y, 5*z - 3*y - 1365 = 0. What are the prime factors of (z/(-18) - -3)*-6?
2, 37
Let w(g) = -g**2 + 12*g + 1. Let n(s) = s**3 - 14*s**2 - 13*s - 20. Let y be n(15). Let m be w(y). Let b = 28 - m. What are the prime factors of b?
7
Let j(g) = 3*g**2 + 22*g + 8. Let r = -42 + 33. What are the prime factors of j(r)?
53
Suppose -2*b - 4*s = -580, -6*s - 925 = -3*b - s. Suppose -3*l - 57 + b = 0. What are the prime factors of l?
3
Let t = 75 - -14. Suppose -2*d + o + t = -d, 2*d = -5*o + 157. List the prime factors of d.
2, 43
Let l(n) = n**2 + 8*n - 19. Let w be l(-10). What are the prime factors of w/2*2*(-31)/(-1)?
31
Let s(i) = i**3 + 44*i**2 - 49*i + 6. What are the prime factors of s(-44)?
2, 23, 47
Suppose 0*t + 16 = 2*t. Let p be 12/t - 2/(-4). Suppose p*v + v - 105 = 0. What are the prime factors of v?
5, 7
Let k(f) = -2*f + 2. Let o be k(6). Let y = 10 + o. Suppose 6*b - 3*b - 24 = y. What are the prime factors of b?
2
Suppose q - 5*n = 1253, 16*q - 4*n + 3702 = 19*q. What are the prime factors of q?
2, 619
Let f be (11/(-3))/((-11)/132). Let i = f - -20. List the prime factors of i.
2
Let x(k) = -8*k**2 - 8 + 7*k - k**3 - 8*k - 8*k. What are the prime factors of x(-7)?
2, 3
Let i(r) = r**3 + 13*r**2 + 5*r - 17. Let w be ((4 - 1)/(-1))/(4/12). What are the prime factors of i(w)?
2, 131
Suppose 0 = -3*j + 6, 4*x - 5*j = -458 - 112. Let f = -32 - x. List the prime factors of f.
2, 3
Let o(f) = -2 - 4 - 1 - 36*f - 4. What are the prime factors of o(-4)?
7, 19
Suppose k + 2*s + 12 = 2*k, 0 = -3*k - 3*s - 9. Let l be (-8 - -9) + (-1)/(-1)*48. Suppose 0 = -k*n + l + 47. List the prime factors of n.
2, 3
Let k(m) = m**3 + m**2 - 3. Let x be k(5). Suppose 13*z - x = 12*z. What are the prime factors of z?
3, 7
Let w(q) = -q**2 + 11*q + 5. Let d be w(8). Suppose 28*g + 72 = d*g. List the prime factors of g.
2, 3
Suppose 356 = 2*u - 6*u. Let t = u - -54. What are the prime factors of (4/(-10))/(7/t)?
2
Let z(n) = -18*n + 6. Let l be z(-3). Let h be (28/5)/((-4)/(-30)). Let w = l - h. What are the prime factors of w?
2, 3
Let d(w) = 6*w - 16. Let m be (2 + -1)/(4/52). What are the prime factors of d(m)?
2, 31
Suppose 0 = 3*w + 3 - 9. Suppose 0 = 4*y + 2*l + 3*l - 254, -w*l - 118 = -2*y. What are the prime factors of y?
61
Let y(f) = -f + 33. Let d be y(20). Let n = d - -39. What are the prime factors of n?
2, 13
Let b(m) = m**2 - m - 1. Let z(x) = -3*x - 6. Let v be (-51)/15 - 2/(-5). Let h be z(v). What are the prime factors of b(h)?
5
Let k(p) = -p + 9. Let w be k(9). Let d be -14*(1 + w)*-1. Let z = d - 11. What are the prime factors of z?
3
Let a(v) = v**2 - v + 12. Suppose -4*x = -10 + 2. Suppose x*s - 5*s = 0. List the prime factors of a(s).
2, 3
Let l(v) = v**2 - 10*v - 2. Let g be 56/6 + 1/(-3). Le